e tens digit of y?
4
Suppose -96 = 6*y - 8*y. Let t = -67 + y. Let x = t - -36. What is the tens digit of x?
1
Let r be 32/(-5) - (-18)/(-30). Let n(a) = -a**3 - 5*a**2 + 10*a + 9. What is the units digit of n(r)?
7
Let l = 663 - -389. What is the tens digit of l?
5
Suppose -2*r + 4*r - 4 = 4*t, 0 = r - 4*t. What is the hundreds digit of (289 + (-6)/(-2))*2/r?
1
What is the thousands digit of (-10716)/94*92/(-3)?
3
Suppose 2*h + 7245 = 9*h. What is the units digit of h?
5
Let j(b) = -b**2 - 6*b - 2. Let q be j(-5). Suppose 0 = q*w - 21 - 21. What is the tens digit of w?
1
Let a(m) = 5*m**3 + 6*m**2 + 8*m - 2 + m - 8 - 6*m**3. What is the tens digit of a(6)?
4
Let o be (2/(-4))/((-5)/10). Let i = 1 - o. Suppose 4*f - 22 - 10 = i. What is the units digit of f?
8
Suppose 7*i - 1 = -15. Let x(w) = -13*w**3 - 4*w**2 - 2*w + 2. What is the tens digit of x(i)?
9
Let i = -213 + 84. Let j be i/(-27) - (-2)/9. Suppose -121 = -j*z + 79. What is the tens digit of z?
4
What is the hundreds digit of ((-28)/(-49))/((-2)/(-17962))?
1
Let x(m) = -2*m + 8. Let b(g) = -g**3 - 13*g**2 + 14*g - 6. Let w be (-2)/(-4)*2 - 15. Let j be b(w). What is the tens digit of x(j)?
2
Suppose -j - 1419 = -4*a, -a + 3*j + 360 = j. What is the hundreds digit of a?
3
Let v = 35 + -16. Suppose w - 2*u - 13 = 0, 2*w - u + v = -6*u. Let q = 21 + w. What is the units digit of q?
4
Suppose 6*s + 754 - 4060 = 0. What is the hundreds digit of s?
5
Suppose 3*g = -f + 5105, 4*g + 2*f - 5111 = 1699. What is the tens digit of g?
0
Let v(t) = 2*t**2 + 2*t - 4. Suppose 0 = d - p, p = 2*d - 3*p - 8. Let g be v(d). Suppose -z = -0*z - g. What is the tens digit of z?
2
Let q(m) = -m**3 - 4*m**2 - 4*m - 2. Let y be (8/(-6))/((-10)/(-15)). Let d be -1 + (-8)/y + -7. What is the tens digit of q(d)?
1
Let i(o) = -2*o + 8 + 3*o + 2*o - 4*o. Let q be i(11). What is the units digit of (1/q)/((-4)/300)?
5
Suppose -2*q - 3*b - 119 = -0*b, 5*q + 4*b = -301. What is the tens digit of q/(-3) - (-1)/(-3)?
2
Let w = 139 + 40. What is the units digit of w?
9
Suppose 0*v - v + 18 = 0. Suppose v*d - 415 = 13*d. What is the units digit of d?
3
Suppose 10*n - 18 = 9*n. What is the tens digit of n?
1
Let o(k) = k**3 + 4*k**2 + 20*k + 14. Let v be o(10). What is the tens digit of -1*(-3)/(-6) + v/12?
3
Let k(j) = -j**2 + 3*j + 42. What is the tens digit of k(0)?
4
Let k(c) = 5*c**3 + 3*c**2 - 13*c + 17. Let f(j) = 14*j**3 + 10*j**2 - 38*j + 52. Let d(q) = -4*f(q) + 11*k(q). What is the units digit of d(-9)?
0
Let g(z) = z**2 - 10*z + 9. Let o be g(10). Suppose -3*b + o*b - 102 = 0. What is the units digit of b?
7
Suppose 8 = 4*f + m, 0 = 5*f + 2*m + 2*m - 10. Suppose f*b + 1 = 7. Let r(l) = 16*l - 1. What is the units digit of r(b)?
7
Suppose -3*z + 889 = 5*p, 5*p + 43 = 4*z - 1084. What is the hundreds digit of z?
2
Let x be (0/(-1))/(1 - 0). Suppose 4*j = -4*b + 64, -5*j + 80 = 2*b - 6*b. Suppose 3*h = -r + j + 5, x = 2*r. What is the units digit of h?
7
Let j be 30*(1/(-3) + -1). Let k = j + 42. What is the units digit of k?
2
Suppose 1 + 14 = 3*n. Suppose 7*j - n = 2*j. What is the units digit of j/(-3) + (-830)/(-15)?
5
Let p(u) = 9*u - 2. Let f be p(13). Let o = f - 50. What is the tens digit of o?
6
Suppose 0*b - 16845 = -15*b. What is the tens digit of b?
2
Let q(a) = 47*a**2 - 35*a + 124. What is the hundreds digit of q(4)?
7
Suppose 2*r + 89 = 5*s - r, -r = -2*s + 36. Let b = -30 + s. Let k = b + 37. What is the units digit of k?
6
Let c = 125 - 108. What is the tens digit of c?
1
Let v = -29 + 31. Suppose v*z = 3*z - 4. Suppose -28 = -k - z*b, -4*b - 10 + 26 = 0. What is the units digit of k?
2
Let i(j) be the second derivative of j**5/20 - j**4/4 + j**3/2 - 2*j**2 + 3*j. What is the units digit of i(5)?
1
Suppose 0 = 5*m - 707 + 247. Suppose 3*r - r = -5*s + m, -2*r = 2*s - 104. What is the units digit of r?
6
Suppose 0*o = o - 130. What is the tens digit of o?
3
Let g be 3/4 - 9/(-4). Suppose -147 = -4*q + g*q. What is the hundreds digit of q?
1
Let x(h) = -h**3 + 2*h**2 - 2*h + 3. Let p be x(-4). Suppose -4*d + 167 = 5*o, 5*o - 12 = -3*d + p. Let k = d + -26. What is the units digit of k?
2
Suppose -121*h = -123*h + 672. What is the units digit of h?
6
Let f(h) = -91*h - 152. What is the tens digit of f(-6)?
9
What is the units digit of ((-1615)/(-57))/((-2)/(-66))?
5
Let h = 114 - 1. What is the hundreds digit of h?
1
Let k = 601 - 167. What is the hundreds digit of k?
4
Suppose 5*l = 3*o - 10145, 4*l + 16891 = o + 4*o. What is the thousands digit of o?
3
Suppose -n + 2186 = 2*l, -n = -4*n - 3*l + 6552. What is the tens digit of n?
8
Let n be (-11)/((-1*2)/2). Suppose -59 + 50 = -3*z. Suppose 0 = p + q - 1, 8*p + z*q - n = 3*p. What is the units digit of p?
4
What is the units digit of -18*7/(-42)*-2 + 1573?
7
Let i(v) = 0 + 178*v**2 - 8 - 1 + 8. What is the units digit of i(1)?
7
Let u = 2 + 1. Suppose -3*g = 2*j + 50 - 168, 0 = 4*g + u*j - 157. What is the tens digit of g?
4
Suppose 13 = -11*y + 79. Suppose 2*l - 4 = -0. Suppose -4*i + 3*t = -y, 3 = i - l*i + 3*t. What is the units digit of i?
3
Let n(m) = 7*m + 2. Suppose 4*w = 5*f + 31, 3*w - 6 = 2*f - 4*f. What is the tens digit of n(w)?
3
Let i(s) = -s**3 - 20*s**2 + 44*s - 12. Let b be i(-18). What is the tens digit of (-10)/(-6)*b/(-22)?
1
What is the thousands digit of -12 + 2840 + (-20)/(-10)?
2
Let q be 0/2 - (-6)/1. Suppose 5*c = -o + 319, -c + q*o + 67 = 3*o. Suppose -5*r + 56 + c = 0. What is the tens digit of r?
2
Let q(w) be the second derivative of -w**4/3 - w**3/3 + w**2/2 + 6*w. Let x be q(-2). Let g = x - -34. What is the units digit of g?
3
Suppose 2*k + 5*x - 599 = 0, 3*x = 4*k + k - 1544. What is the tens digit of k?
0
Let k be (-5)/(-1)*2/5. Let m(v) be the third derivative of 7*v**4/24 - 2*v**3/3 + 3*v**2. What is the units digit of m(k)?
0
Let c(u) = u**2 + 3*u - 1. Let x = -23 + 19. Let n be c(x). What is the units digit of 37/((n - -2)/10)?
4
Suppose 4*b = 5*l - 2, 2*l = 5*b - 0*l - 6. Suppose -5 = 4*c - r, 2*r = 5*c - r + 15. Suppose -b*o + 66 + 34 = c. What is the tens digit of o?
5
Let q(f) = -f**3 - 5*f**2 - 6*f - 6. Let t be q(-4). Let y = 3 + t. Let r = y - -5. What is the units digit of r?
0
Let z(g) = g**3 + 8*g**2 - 11*g - 15. Let f be z(-9). Suppose -2*o + 0*o - 226 = -3*a, f*a = 6. Let x = -61 - o. What is the units digit of x?
9
Suppose 8*f - 5*f = 60. Let v be (-7)/(-21) + f/(-6). What is the units digit of (-492)/(-16) - v/12?
1
Let n(r) be the second derivative of 2*r**3/3 - 2*r**2 + 4*r. Suppose 8*w + 49 - 105 = 0. What is the tens digit of n(w)?
2
Let j be 229/(-2)*(6 + -8). Suppose j + 59 = 4*c. Suppose -5*i + 15 = -4*m - c, m - 40 = -2*i. What is the units digit of i?
9
What is the units digit of 61/305 - (14754/(-5) + 1)?
0
Let j = 24 + -18. Suppose -5*q + 78 = s - j, 4*s = -3*q + 47. Suppose -17 - q = -c. What is the units digit of c?
4
Suppose -21*u + 416 = -20*u. What is the units digit of u?
6
Suppose -31*z = -44*z + 10621. What is the hundreds digit of z?
8
Let i be -17 - (-2 - (3 - 3)). Let o = i + 30. Suppose -4*v - 44 = -t - o, -152 = -4*t + 4*v. What is the units digit of t?
1
Let z = 54 - 7. Suppose 0 = 5*p - 2*y - 285, -z = -p + 4*y - 8. What is the units digit of p?
9
Let j(n) = 4*n**2 - 72*n + 17. What is the tens digit of j(21)?
6
Let s be (-8)/(-3) + (-2)/(-6). Let c = 375 + -307. Suppose s*r - c = -r. What is the units digit of r?
7
Let b be (-10)/(-60) + 3910/12. Suppose -4*n - 14 = -b. What is the tens digit of n?
7
Let g = 2 + 6. Suppose -2 = m + g. What is the units digit of m/(-65) - 1036/(-26)?
0
Suppose 3*c - 2*u = 53, -20 - 18 = -3*c + 5*u. Let q = c - -1. Let m = q - -31. What is the units digit of m?
3
Let f(t) = t**3 - 24*t**2 + 50*t + 40. What is the tens digit of f(23)?
6
Let u(f) = -f**2 - 6*f - 9. Let v be u(-5). Let c = 8 - v. Suppose -5*m + 13 = -c. What is the units digit of m?
5
What is the tens digit of 4 - (-6 - 11/1)?
2
Suppose -3*h = 0, -j + h = 2*h - 1. Let w(a) = 25*a - 1. Let g be w(j). Let o = g - 5. What is the tens digit of o?
1
Let r(s) = -s**3 + 8*s**2 - 11*s + 17. Let w be r(7). Let m(t) = -t + 24. What is the tens digit of m(w)?
3
Suppose -4*s = -3*s - 5. Suppose -s*t - 4 - 15 = -2*q, -13 = -5*q + t. Suppose q*k + v - 46 = 0, -v - 27 + 1 = -k. What is